git of 137763?
7
What is the units digit of 86875?
5
What is the ten thousands digit of 11168?
1
What is the thousands digit of 1825?
1
What is the thousands digit of 19534?
9
What is the hundreds digit of 10015?
0
What is the ten thousands digit of 34768?
3
What is the thousands digit of 19204?
9
What is the units digit of 4392?
2
What is the tens digit of 141?
4
What is the units digit of 781?
1
What is the hundred thousands digit of 103927?
1
What is the ten thousands digit of 82366?
8
What is the thousands digit of 62783?
2
What is the thousands digit of 109598?
9
What is the tens digit of 405?
0
What is the thousands digit of 37591?
7
What is the tens digit of 6943?
4
What is the hundreds digit of 929?
9
What is the thousands digit of 19415?
9
What is the hundreds digit of 7274?
2
What is the ten thousands digit of 18462?
1
What is the thousands digit of 3778?
3
What is the tens digit of 58?
5
What is the tens digit of 8869?
6
What is the tens digit of 11304?
0
What is the thousands digit of 2345?
2
What is the tens digit of 1282?
8
What is the units digit of 123?
3
What is the units digit of 15708?
8
What is the units digit of 12670?
0
What is the tens digit of 31?
3
What is the tens digit of 8107?
0
What is the units digit of 18096?
6
What is the units digit of 13736?
6
What is the tens digit of 53834?
3
What is the thousands digit of 6654?
6
What is the ten thousands digit of 75131?
7
What is the tens digit of 1185?
8
What is the hundreds digit of 4692?
6
What is the units digit of 4445?
5
What is the hundreds digit of 993?
9
What is the units digit of 3423?
3
What is the tens digit of 6066?
6
What is the tens digit of 6996?
9
What is the units digit of 1748?
8
What is the units digit of 9502?
2
What is the hundreds digit of 1682?
6
What is the tens digit of 389?
8
What is the tens digit of 11543?
4
What is the units digit of 9376?
6
What is the thousands digit of 9511?
9
What is the thousands digit of 11521?
1
What is the tens digit of 809?
0
What is the tens digit of 6632?
3
What is the tens digit of 34238?
3
What is the tens digit of 3038?
3
What is the units digit of 108390?
0
What is the tens digit of 66?
6
What is the ten thousands digit of 34154?
3
What is the tens digit of 2191?
9
What is the ten thousands digit of 12758?
1
What is the tens digit of 136?
3
What is the units digit of 26985?
5
What is the thousands digit of 12567?
2
What is the hundreds digit of 353?
3
What is the tens digit of 30?
3
What is the hundreds digit of 1852?
8
What is the tens digit of 50911?
1
What is the ten thousands digit of 87005?
8
What is the hundreds digit of 2184?
1
What is the units digit of 8685?
5
What is the units digit of 974?
4
What is the thousands digit of 10981?
0
What is the units digit of 19669?
9
What is the tens digit of 449?
4
What is the tens digit of 42679?
7
What is the hundreds digit of 2545?
5
What is the units digit of 1555?
5
What is the units digit of 1740?
0
What is the thousands digit of 36527?
6
What is the thousands digit of 27795?
7
What is the hundreds digit of 5515?
5
What is the thousands digit of 69533?
9
What is the hundreds digit of 33797?
7
What is the units digit of 8427?
7
What is the hundreds digit of 127?
1
What is the thousands digit of 67329?
7
What is the tens digit of 121844?
4
What is the units digit of 1008?
8
What is the ten thousands digit of 23715?
2
What is the tens digit of 734?
3
What is the tens digit of 1928?
2
What is the thousands digit of 7584?
7
What is the units digit of 6872?
2
What is the units digit of 17856?
6
What is the thousands digit of 72372?
2
What is the ten thousands digit of 54371?
5
What is the hundreds digit of 7960?
9
What is the tens digit of 2758?
5
What is the units digit of 56463?
3
What is the tens digit of 5750?
5
What is the ten thousands digit of 25221?
2
What is the tens digit of 553?
5
What is the units digit of 16352?
2
What is the hundreds digit of 770?
7
What is the tens digit of 795?
9
What is the tens digit of 24406?
0
What is the thousands digit of 11459?
1
What is the tens digit of 354?
5
What is the ten thousands digit of 15356?
1
What is the tens digit of 6971?
7
What is the hundreds digit of 341?
3
What is the units digit of 74?
4
What is the units digit of 2734?
4
What is the units digit of 2188?
8
What is the hundreds digit of 63624?
6
What is the units digit of 657?
7
What is the tens digit of 7818?
1
What is the thousands digit of 87546?
7
What is the thousands digit of 11374?
1
What is the thousands digit of 6413?
6
What is the hundreds digit of 1451?
4
What is the ten thousands digit of 49746?
4
What is the tens digit of 522?
2
What is the hundreds digit of 9675?
6
What is the ten thousands digit of 78930?
7
What is the tens digit of 3257?
5
What is the tens digit of 1361?
6
What is the tens digit of 31903?
0
What is the thousands digit of 1157?
1
What is the thousands digit of 60819?
0
What is the units digit of 5513?
3
What is the thousands digit of 1440?
1
What is the tens digit of 6201?
0
What is the tens digit of 42094?
9
What is the tens digit of 1823?
2
What is the hundreds digit of 6414?
4
What is the tens digit of 1746?
4
What is the hundreds digit of 21660?
6
What is the units digit of 149?
9
What is the thousands digit of 89211?
9
What is the tens digit of 55555?
5
What is the thousands digit of 1869?
1
What is the tens digit of 2708?
0
What is the tens digit of 2167?
6
What is the units digit of 109?
9
What is the units digit of 54135?
5
What is the ten thousands digit of 47791?
4
What is the thousands digit of 1266?
1
What is the ten thousands digit of 88845?
8
What is the ten thousands digit of 89193?
8
What is the hundreds digit of 7448?
4
What is the tens digit of 4313?
1
What is the units digit of 1679?
9
What is the tens digit of 23064?
6
What is the units digit of 2454?
4
What is the hundreds digit of 3034?
0
What is the units digit of 591?
1
What is the thousands digit of 73906?
3
What is the hundreds digit of 2087?
0
What is the units digit of 1627?
7
What is the thousands digit of 2048?
2
What is the tens digit of 17432?
3
What is the tens digit of 6386?
8
What is the thousands digit of 1379?
1
What is the thousands digit of 86625?
6
What is the thousands digit of 3394?
3
What is the hundreds digit of 87770?
7
What is the tens digit of 18848?
4
What is the hundreds digit of 4019?
0
What is the tens digit of 2398?
9
What is the tens digit of 369?
6
What is the tens digit of 5433?
3
What is the ten thousands digit of 39141?
3
What is the units digit of 17550?
0
What is the hundreds digit of 1146?
1
What is the thousands digit of 7807?
7
What is the units digit of 1297?
7
What is the tens digit of 19444?
4
What is the ten thousands digit of 92963?
9
What is the hundreds digit of 4607?
6
What is the tens digit of 1316?
1
What is the thousands digit of 25051?
5
What is the tens digit of 95294?
9
What is the ten thousands digit of 63866?
6
What is the tens digit of 150123?
2
What is the units digit of 2639?
9
What is the units digit of 8198?
8
What is the units digit of 14787?
7
What is the tens digit of 50849?
4
What is the units digit of 545?
5
What is the hundreds digit of 1492?
4
What is the thousands digit of 20392?
0
What is the hundreds digit of 652?
6
What is the ten thousands digit of 63967?
6
What is the hundreds digit of 5508?
5
What is the units digit of 123667?
7
What is the ten thousands digit of 35446?
3
What is the units digit of 1539?
9
What is the tens digit of 3675?
7
What is the hundreds digit of 4550?
5
What is the thousands digit of 53711?
3
What is the units digit of 4259?
9
What is the hundreds digit of 1157?
1
What is the thousands digit of 3918?
3
What is the hundreds digit of 35911?
9
What is the ten thousands digit of 52176?
5
What is the hundreds digit of 96723?
7
What is the thousands digit of 53062?
3
What is the hundreds digit of 8587?
5
What is the ten thousands digit of 18095?
1
What is the tens digit of 2620?
2
What is the hundreds digit of 40796?
7
What is the units digit of 13298?
8
What is the thousands digit of 4991?
4
What is the units digit of 102515?
5
What is the tens digit of 45040?
4
What is the tens digit of 897?
9
What is the hundreds digit of 3288?
2
What is the tens digit of 17